 the remainder when 52 is divided by v(0).
14
Suppose 51 = 4*o - 237. Let b = -29 + o. Suppose -y - 75 = -6*y. What is the remainder when b is divided by y?
13
Suppose 0 = 5*w + 4*j - 86, -3*w = 7*j - 5*j - 50. What is the remainder when w is divided by 5?
4
Suppose -2*u = -29 + 11. Calculate the remainder when 23 is divided by u.
5
Calculate the remainder when 63 is divided by (-3624)/(-228) - (-6)/57.
15
Let b = 89 - 58. Suppose 2*a + 3 = -2*p + 69, 5*p = 5*a + 135. Suppose 5*q = p + 25. Calculate the remainder when b is divided by q.
9
Suppose 5*x = -2*r - 15, -r = -4*x + 2*x - 15. Let h = -5 - -13. Calculate the remainder when h is divided by r.
3
Let f(v) = 2*v**3 + 6*v**2 - 11*v - 6. Let q(y) = -y**3 - 7*y**2 + 10*y + 6. Let o(r) = 2*f(r) + 3*q(r). What is the remainder when 9 is divided by o(8)?
3
Suppose l - 4 - 16 = -5*q, 4*l - 20 = -5*q. Suppose -2*r + l*r = -34. What is the remainder when r is divided by 10?
7
Let n = 2 - 2. Let z = -13 - -22. What is the remainder when (-1 - n - 0) + 18 is divided by z?
8
Suppose 0 = -4*n - p + 11, 4*n - 8*n + 2 = -2*p. Suppose -y = 4*u - 0*y - 73, y - 35 = -n*u. Calculate the remainder when (2/(-3))/(2/(-108)) is divided by u.
17
Let j = 6 + -18. What is the remainder when 61 is divided by j/(-8)*32/3?
13
Suppose 30 = 7*x - 5*x. Let f = -7 + x. What is the remainder when 22 is divided by f?
6
Let c = 15 - 6. Calculate the remainder when 14 is divided by c.
5
What is the remainder when (2/4)/(-3 + (-842)/(-280)) is divided by 24?
22
Let j(v) = -5*v**3 - 4*v**2 - 2*v. Let s be (-18)/63 - 24/14. Calculate the remainder when 81 is divided by j(s).
25
Let g(b) = 6*b**2 + b + 2. Suppose 0 = 3*p - 4 - 5. Calculate the remainder when g(p) is divided by 15.
14
Let o(b) = b**3 + 7*b**2 - 9*b + 13. What is the remainder when o(-8) is divided by 12?
9
Let s(k) = -2*k + 15. Calculate the remainder when s(-5) is divided by 13.
12
Suppose i - 2*w = 1, 5*i - 9 = 3*w + 24. Let m be (-7)/((2 - 4)/2). Suppose -2*z + m = -45. Calculate the remainder when z is divided by i.
8
Calculate the remainder when -9 + 13 + (-8)/2 - -7 is divided by 4.
3
Suppose -4*a + 22 + 42 = 0. Suppose -l + 98 = 3*x, l = -4 + 9. Calculate the remainder when x is divided by a.
15
Suppose 2*a = 114 - 12. Suppose 4*z + 44 = 4*h, -14 + a = 5*h + z. Let p(m) = -m + 7. Calculate the remainder when p(-7) is divided by h.
6
Suppose 3 = h - 0*h. Suppose h*l - 1 = 47. Calculate the remainder when 63 is divided by l.
15
Suppose -4*u = -5*j + 27, j - 2*u + 6 = 5*j. What is the remainder when 7 is divided by j?
1
Suppose 0*a = -3*a + 30. Let i = 136 - 97. Calculate the remainder when i is divided by a.
9
Suppose -1 = 3*s - 16. Suppose 2*h - 5*h + 6 = 0. Calculate the remainder when s is divided by h.
1
Let h = 9 + -4. Suppose 3*b - 54 = -3*q, 3*b + 2 - 60 = -h*q. What is the remainder when b is divided by -27*((-2)/(-3))/(-2)?
7
Let r = -38 + 42. Let i be (-2)/(-7) + 33/7. Suppose 7*v - 3*v = -y + 27, -i*v = -y - 18. Calculate the remainder when y is divided by r.
3
Let y(f) = -22*f + 1. Calculate the remainder when y(-4) is divided by 15.
14
Suppose 3*i - u - 23 = 0, -u = -2*i + 3*u + 12. Let d be 4/i - 261/(-6). Let c = -26 + d. Calculate the remainder when c is divided by 7.
4
Let p(t) = t**2 - 4*t - 1. Let q be p(5). What is the remainder when q/2*95/10 is divided by 10?
9
Suppose 3*a + 3*w - 84 = 6*w, 5*a + 4*w - 95 = 0. What is the remainder when a is divided by 13?
10
Suppose 5*k = -2*p + k - 18, -p + 3*k = -6. Let r = 6 + p. What is the remainder when r is divided by (16/20)/((-2)/(-5))?
1
Calculate the remainder when (-4)/6 + (-623)/(-21) is divided by 16.
13
Suppose 10*d - 191 = 109. What is the remainder when d is divided by 11?
8
Let p(l) = 3*l**2 - l. Calculate the remainder when 3 is divided by p(1).
1
Let o(u) = u**3 + 9*u**2 - u - 12. Let p be o(-9). Let h(q) = -2*q**3 - 4*q**2 + 2*q + 4. Calculate the remainder when 30 is divided by h(p).
14
Suppose 5*j - 37 = -2. Let d(v) = v + 29. Calculate the remainder when d(-17) is divided by j.
5
Suppose -6 = -t + 4. Calculate the remainder when t is divided by 155/35 - 6/14.
2
Let q = -18 - -33. Calculate the remainder when 59 is divided by q.
14
Let y = 138 + -65. Calculate the remainder when y is divided by 25.
23
Let r = -10 - -39. Let z(f) = -f - 4. Let w be z(-5). Suppose 3*p - w = 5, 3*b - 26 = 2*p. What is the remainder when r is divided by b?
9
Let k = 17 + -7. What is the remainder when 17 is divided by k?
7
Let v(z) = 8*z + 2. Let n(g) = -g. Let x be n(-2). Calculate the remainder when 70 is divided by v(x).
16
Let f = -48 + 58. Suppose -2*d - 3*w + 52 = 0, 0*w - 155 = -5*d + 5*w. What is the remainder when d is divided by f?
9
Let c(x) = x**2 + 4*x - 6. Let a be c(-6). Let j = 13 - a. Suppose -5*o - 4*w = -5*w - 60, o = 4*w + 12. What is the remainder when o is divided by j?
5
Suppose 3*y = 2*y + 1. Let g be (-52)/(-1) - (y + 2). Suppose 4*q - g = 7. Calculate the remainder when 41 is divided by q.
13
Suppose 3*q - 2*q = -1, -5*q = 5*l - 85. Let m = 31 - 21. Calculate the remainder when l is divided by m.
8
Let r = 16 + -3. Let d = -4 - -4. Suppose d = -c + 5*c - 152. What is the remainder when c is divided by r?
12
Suppose 0*t = 5*l - 5*t - 70, 42 = 3*l - 2*t. What is the remainder when 35 is divided by l?
7
Suppose -4*b = -b. Suppose b = -l - 3*l. Suppose p - 6*p + 250 = l. What is the remainder when p is divided by 17?
16
Suppose -13 = 2*f - 55. Suppose 3*a - 8 = 2*a. Calculate the remainder when f is divided by a.
5
Let m = 120 + -96. Calculate the remainder when m is divided by 9.
6
Suppose 4 = -4*i + 32. Suppose -i = -f - 1. Calculate the remainder when 10 is divided by f.
4
Suppose 3*f - 57 = -2*w, 0 = 5*w - f + 45 - 145. Suppose 4*z - 32 = -4*m, -m - 3*m + 68 = -5*z. Calculate the remainder when w is divided by m.
9
Let g = 14 + -11. What is the remainder when 5 is divided by g?
2
Calculate the remainder when 6/(-8) + 188/16 is divided by 7.
4
Let y(b) = -b + 7. What is the remainder when y(-5) is divided by 5?
2
Suppose -41*z = -45*z + 128. What is the remainder when z is divided by 15?
2
Let z = 249 - 9. Suppose -z = -2*d - 3*d. Calculate the remainder when d is divided by 25.
23
What is the remainder when 39 is divided by (-1 - -3) + -5 + 18 + 6?
18
Let b(z) = z**3 + z**2 + 16. Calculate the remainder when 286/6 + (-10)/15 is divided by b(0).
15
Let u = -36 - -53. What is the remainder when 83 is divided by u?
15
Let n = -68 + 81. Calculate the remainder when n is divided by 3.
1
Let v(s) = 2*s**2 + 3*s - 1. Calculate the remainder when 36 is divided by v(-4).
17
Let i(c) = c**2 - 10*c - 12. Calculate the remainder when 117 is divided by i(12).
9
Suppose 2*u = 38 + 72. Calculate the remainder when u is divided by 29.
26
Let w(d) = -3*d - 12. What is the remainder when 27 is divided by w(-9)?
12
Let u(i) = 2 - 1 + 6*i + 0. Suppose -x - 2*x = -6. Calculate the remainder when 37 is divided by u(x).
11
Suppose 0 = -4*r + 110 - 34. Calculate the remainder when r is divided by 7.
5
Suppose -u + 23 + 9 = 0. What is the remainder when u is divided by 18?
14
Let d(m) = m**2 - 15*m + 17. Suppose -f - 2*f + 3 = -3*r, -2*r + 23 = 3*f. What is the remainder when f is divided by d(14)?
2
Let k(n) = 2*n**2 + 3*n. Let j be k(-2). Suppose 58 = j*o + 10. What is the remainder when 47 is divided by o?
23
Let d = 13 + 20. Calculate the remainder when 65 is divided by d.
32
Suppose -2*a - 16 + 3 = -n, -a + 21 = 2*n. Suppose -4*f = -0*f - 32. What is the remainder when 5*n*(-2)/(-5) is divided by f?
6
Let v = 19 - 29. Let b = v - -16. Calculate the remainder when 11 is divided by b.
5
Let s be (81/(-15))/(1/(-5)). Suppose -m = -2*c + s, 3*c + 5*m = 2*m + 18. What is the remainder when 32 is divided by c?
10
Suppose -4*n + 32 = 4*g, g - 2 = -4*n - 0*n. Let d = 9 + g. Calculate the remainder when 55 is divided by d.
17
Let v be 6/15 + 8/5. Suppose 4*k + s = -v*s + 134, 2*s = -4. Suppose 2*c - 7*c + k = 3*t, 2*t - 22 = -4*c. Calculate the remainder when t is divided by 8.
7
Let i = -95 - -128. Calculate the remainder when 64 is divided by i.
31
Let i(z) = 21*z - 29. What is the remainder when i(6) is divided by 33?
31
Suppose 0 = 2*n - 2*f - 22, -4*n - 3*f + 41 = -8*f. Calculate the remainder 